79).
-1
Let p(s) = -s**3 - 27*s**2 - 4*s + 653. What is p(-16)?
-2099
Let k(w) = -38570*w + 308570. Give k(8).
10
Let a(w) = 57*w**2 - 816*w + 239. Give a(14).
-13
Let y(i) = i**3 + 7*i**2 - 9672*i - 115333. Determine y(-12).
11
Let b(d) = -d**2 + 1897855*d + 17080774. Give b(-9).
-2
Let d(n) = -21743*n - 1195898. What is d(-55)?
-33
Let y(z) = 7*z**3 + 25*z**2 - 655*z - 23. Give y(8).
-79
Let w(o) = 33*o**2 - 633*o + 1355. Give w(17).
131
Let x(s) = -99*s**2 - 16196*s - 25585. Give x(-162).
11
Let v(s) = 1282*s - 6957. Calculate v(7).
2017
Let b(v) = 18116*v + 797100. Calculate b(-44).
-4
Let q(i) = i**3 + 224*i**2 + 256*i + 7358. Give q(-223).
-1
Let s(x) = -x**2 - 237*x - 13619. Calculate s(-98).
3
Let q(m) = 79*m - 7121. Give q(92).
147
Let s(t) = t**2 - 1474*t - 59005. Determine s(-39).
2
Let j(f) = -523*f + 158026. Determine j(302).
80
Let w(t) = -11*t**2 - 324*t - 1183. What is w(-26)?
-195
Let r(x) = 8*x**2 - 594*x + 429. Calculate r(71).
-1417
Let w(x) = x**2 + 51080*x + 102155. Calculate w(-2).
-1
Let w(f) = 14*f**2 - 14177*f - 28357. What is w(-2)?
53
Let w(h) = 24381*h - 73132. Determine w(3).
11
Let d(m) = -m**2 - 157*m - 796. Calculate d(-151).
110
Let i(g) = 118*g - 8496. Determine i(79).
826
Let t(a) = -2485*a + 29806. Calculate t(12).
-14
Let y(z) = -87377*z + 611691. Determine y(7).
52
Let t(l) = -248*l - 119364. Determine t(-483).
420
Let l(s) = -4*s**3 + 39*s**2 - 61*s + 14. Calculate l(4).
138
Let l(r) = r**3 + 316*r**2 - 4975*r - 3253. Give l(-331).
57
Let x(t) = 6*t**3 - 9*t**2 + 114*t - 287. Give x(4).
409
Let m(n) = -2*n**3 - 47*n**2 - 28*n - 160. Calculate m(-23).
-45
Let v(w) = -8257*w + 1263318. Calculate v(153).
-3
Let p(m) = -6*m**3 + 433*m**2 + 3772*m - 606. Give p(-8).
2
Let w(g) = 81*g**2 + 548*g + 402. What is w(-1)?
-65
Let z(o) = 12*o**2 - 4703*o + 238694. Calculate z(332).
-14
Let b(a) = -1295*a - 248653. What is b(-192)?
-13
Let v(f) = 160*f + 11526. What is v(-74)?
-314
Let w(h) = -5*h**2 - 329*h - 84. Give w(-63).
798
Let b(r) = -279296*r + 1675782. Give b(6).
6
Let p(q) = 27*q**2 - 36*q - 11177. Calculate p(21).
-26
Let j(z) = 14*z**2 - 227*z - 472. Give j(18).
-22
Let s(k) = k**2 - 8171*k + 607218. Calculate s(75).
18
Let p(u) = 1817*u**2 + 67219*u + 86. Give p(-37).
456
Let s(b) = 6016*b - 144466. Give s(24).
-82
Let m(r) = -15*r**2 - 4256*r + 1177. Determine m(-284).
41
Let u(r) = -375*r + 44440. What is u(118)?
190
Let y(b) = 2*b**3 - 85*b**2 - 458*b - 42. Determine y(47).
-1687
Let v(g) = 12*g**2 + 54*g - 1071. Calculate v(-12).
9
Let o(f) = -f**3 + 31*f**2 - 312*f + 2150. Calculate o(20).
310
Let b(k) = -241362*k - 8689037. Calculate b(-36).
-5
Let d(h) = 2*h**2 + 237*h + 7956. Determine d(-36).
2016
Let l(v) = -7350*v + 2072683. What is l(282)?
-17
Let d(n) = -n**3 + 53*n**2 + 2181*n - 370. Determine d(80).
1310
Let k(j) = -23*j**2 + 112*j + 52. Determine k(6).
-104
Let s(b) = -2045*b + 3038. Determine s(0).
3038
Let m(v) = 43*v**3 + 89*v**2 - 9*v - 2. Calculate m(-2).
28
Let m(b) = 25*b**2 + 140*b - 1192. What is m(-10)?
-92
Let c(g) = -g**3 + 60*g**2 - 771*g - 100. Determine c(41).
228
Let i(u) = -16*u**2 - 2224*u - 48. Calculate i(-139).
-48
Let t(m) = -m**3 + 19*m**2 + 14*m - 109. What is t(12)?
1067
Let z(x) = -x**2 + 265*x + 95000. What is z(-203)?
-4
Let u(p) = -124*p - 136. Calculate u(-8).
856
Let z(l) = -l**3 + 14*l**2 + 77*l + 298. Determine z(19).
-44
Let w(n) = -416*n + 3590. Determine w(9).
-154
Let m(g) = -5*g**2 + 25743*g - 51501. What is m(2)?
-35
Let q(x) = -11363*x - 34012. Give q(-3).
77
Let c(s) = -3*s**2 - 694*s + 35088. What is c(-274)?
16
Let p(g) = g**3 + g**2 + 34*g + 114. What is p(-5)?
-156
Let x(f) = 4*f**2 - 673*f - 37066. What is x(212)?
34
Let u(f) = 27*f**2 + 4964*f + 4961. Determine u(-1).
24
Let m(o) = 15*o + 1416. Give m(-46).
726
Let o(n) = -578*n + 29443. What is o(51)?
-35
Let k(a) = 155*a**2 - 228*a + 466. Determine k(2).
630
Let j(z) = -4*z**2 + 804*z - 17599. What is j(25)?
1
Let d(f) = -294*f + 4768. Calculate d(12).
1240
Let n(d) = 9*d**2 - 471*d - 556. Determine n(55).
764
Let x(d) = 2044*d + 67465. What is x(-33)?
13
Let z(y) = -4664*y - 704277. Determine z(-151).
-13
Let k(a) = -2*a**2 + 122*a - 1968. What is k(31)?
-108
Let i(o) = -o**3 - 1330*o**2 - 7970*o - 19. Determine i(-6).
137
Let j(i) = 9*i**2 + 1214*i + 26853. Calculate j(-107).
-4
Let r(t) = 68*t - 4979. Give r(69).
-287
Let o(m) = m**2 - 47*m - 7517. Calculate o(-68).
303
Let q(t) = 2*t**3 + 247*t**2 - 910*t - 2662. What is q(-127)?
5
Let l(z) = 843*z**2 + 109*z + 108. Give l(-1).
842
Let f(t) = -5*t**2 - 197*t - 1133. Give f(-6).
-131
Let q(a) = -3*a**2 - 474*a - 8656. What is q(-137)?
-25
Let j(c) = -321*c + 12413. Calculate j(40).
-427
Let d(s) = -s**2 - 3963*s + 1490899. What is d(346)?
-15
Let t(r) = -16301*r + 130509. Give t(8).
101
Let w(k) = 28*k**3 - 334*k**2 - 209*k + 2224. Determine w(12).
4
Let t(i) = 67113*i - 67083. Give t(1).
30
Let j(w) = -3*w**3 + 95*w**2 - 51*w - 2969. Give j(30).
1
Let k(z) = 2*z**2 + 105783*z - 423152. Calculate k(4).
12
Let h(d) = d**3 + 23*d**2 - 558*d - 31. What is h(15)?
149
Let t(i) = 91917*i - 643425. Calculate t(7).
-6
Let s(w) = 2*w**2 - 101*w - 1085. What is s(47)?
-1414
Let h(w) = -1138*w + 139. Calculate h(0).
139
Let u(g) = -g**3 + 5*g**2 - 9381*g + 65773. Give u(7).
8
Let p(j) = 6*j**3 - 153*j**2 + 948*j - 190. Determine p(10).
-10
Let l(b) = 16648332*b + 66593328. Determine l(-4).
0
Let k(i) = -7682*i + 215074. Determine k(28).
-22
Let r(c) = -c**3 + 92*c**2 - 1279*c + 272. What is r(75)?
-28
Let n(y) = 208*y**2 - 439*y + 45. Calculate n(2).
-1
Let d(f) = -229267*f - 3438997. Give d(-15).
8
Let j(c) = -1335*c - 86787. Calculate j(-65).
-12
Let t(b) = 2*b**2 - 1157*b + 109014. Give t(118).
336
Let w(r) = -19448*r + 116716. What is w(6)?
28
Let o(t) = -10160*t + 345429. What is o(34)?
-11
Let r(p) = 16213*p - 583656. What is r(36)?
12
Let x(v) = -4*v**3 + 2257*v**2 + 4001*v - 22080. Calculate x(566).
-6
Let t(x) = -259*x - 2000. Give t(-16).
2144
Let t(b) = -10*b**2 + 132*b + 5575. Determine t(-18).
-41
Let j(p) = 96*p - 5445. Determine j(81).
2331
Let i(l) = -427*l**2 + 9926*l - 2409. What is i(23)?
6
Let f(j) = -j**3 + 1517*j**2 + 10637*j - 216. Calculate f(-7).
1
Let q(d) = d**3 - 14*d**2 + 25*d - 917. What is q(16)?
-5
Let y(z) = 52*z - 8600. Calculate y(172).
344
Let a(c) = 24*c**2 - 257*c + 173. Calculate a(10).
3
Let v(s) = 259*s + 1318. What is v(-4)?
282
Let q(n) = -3*n**2 - 517*n + 7779. Give q(14).
-47
Let o(g) = -10*g**2 - 1904*g - 4857. What is o(-188)?
-345
Let z(l) = 165*l - 40089. Calculate z(235).
-1314
Let h(z) = -2*z**3 - 25*z**2 + 193*z - 75. Calculate h(-14).
-2189
Let k(y) = 1095*y - 74104. Give k(68).
356
Let n(d) = -2*d**2 + 290*d + 719. Calculate n(149).
-473
Let o(v) = 284*v**2 - 83210*v - 588. Determine o(293).
-2
Let f(l) = 1645*l + 3237. What is f(-1)?
1592
Let t(u) = 69723*u - 69735. Calculate t(1).
-12
Let i(a) = a**3 - 747*a**2 + 17398*a - 33248. Give i(723).
10
Let r(q) = -52*q**3 + 6241*q**2 - 120*q + 2. What is r(120)?
2
Let a(g) = 35*g + 323. Give a(-7).
78
Let l(r) = 140507*r + 702515. Determine l(-5).
-20
Let f(u) = -u**2 + 21605*u - 64809. Calculate f(3).
-3
Let v(y) = -226*y - 12368. Give v(-53).
-390
Let f(j) = -271576*j + 17109287. What is f(63)?
-1
Let u(n) = -115003*n + 229978. Calculate u(2).
-28
Let l(b) = -3*b**3 - 412*b**2 - 1009*b - 8617. Determine l(-135).
23
Let q(b) = 16383*b + 16448. Calculate q(-1).
65
Let h(c) = 2*c**3 + 2603*c**2 + 300410*c - 768. Calculate h(-128).
0
Let v(k) = -124*k + 13753. Calculate v(111).
-11
Let u(l) = -354020*l + 3540225. Calculate u(10).
25
Let q(d) = -289*d + 1078. Calculate q(4).
-78
Let w(k) = 17*k**2 - 119*k - 1531. Give w(-12).
2345
Let o(m) = -m**2 + 880*m - 42277. What is o(51)?
2
Let z(i) = 4141*i - 16627. What is z(4)?
-63
Let a(b) = -8770*b - 308107. Give a(-35).
-1157
Let o(u) = u**3 + 11*u**2 - 31*u - 385. Give o(-11).
-44
Let n(m) = 5*m**2 - 3710*m + 14798. Give n(4).
38
Let g(n) = 137294*n - 4393385. Determine g(32).
23
Let n(h) = 11*h**2 + 1255*h + 23822. Give n(-90).
-28
Let b(r) = -220*r**2 + 3090*r + 3151. Calculate b(15).
1
Let r(d) = -14464*d + 56783. Calculate r(4).
-1073
Let z(c) = -12*c**2 - 1134*c + 1708. What is z(-96)?
-20
Let y